e 14, what is 429 + -36?
3d3
In base 10, what is 0 + 89455?
89455
In base 13, what is 395ab0 + 3?
395ab3
In base 14, what is 44c8d - -4?
44c93
In base 16, what is -45b + -28f?
-6ea
In base 11, what is -73377 - -4?
-73373
In base 8, what is 65 - 410?
-323
In base 12, what is -18143 - 6?
-18149
In base 16, what is -456f - 3?
-4572
In base 6, what is 10 - 11325?
-11315
In base 16, what is -18d94 + -7?
-18d9b
In base 12, what is -38ba1 + -4?
-38ba5
In base 3, what is 21200201111 - 12?
21200201022
In base 14, what is -27 + -7aca?
-7b13
In base 7, what is -1610045 + -5?
-1610053
In base 14, what is -28358 + 5?
-28353
In base 6, what is -44155 + -1?
-44200
In base 14, what is 1721 - 1ab?
1554
In base 8, what is 420546 + 5?
420553
In base 6, what is -2313534 - -1?
-2313533
In base 12, what is 4924 + -248?
4698
In base 16, what is 10bd + 0?
10bd
In base 11, what is 415 - 2a7?
119
In base 9, what is -7075 - 62?
-7147
In base 14, what is 6 - -351c?
3524
In base 2, what is 1000 - -10100001110110111000?
10100001110111000000
In base 2, what is 1001 - 101011110000000110?
-101011101111111101
In base 2, what is -101001101101001001011 - 11?
-101001101101001001110
In base 6, what is -230034 + -4?
-230042
In base 13, what is -812 - 10c2?
-1904
In base 2, what is -100010111 - 10101010?
-111000001
In base 7, what is 40 + -126364?
-126324
In base 13, what is -2bb76 - -1?
-2bb75
In base 9, what is -3652 + 5?
-3646
In base 3, what is -10011012220 - -10?
-10011012210
In base 5, what is -143 - -103410?
103212
In base 15, what is 10398b + -1?
10398a
In base 5, what is -44 - -131121?
131022
In base 16, what is -cb093 - 0?
-cb093
In base 10, what is -15 + -7013?
-7028
In base 10, what is -3 + -84361?
-84364
In base 4, what is -2113223233 - 3?
-2113223302
In base 2, what is 111111100010011 - 10?
111111100010001
In base 13, what is 2a8 - -88?
363
In base 5, what is 1142421 - -4?
1142430
In base 8, what is -1445 - 1155?
-2622
In base 16, what is 3 + -63cf?
-63cc
In base 3, what is 1001012 - 101?
1000211
In base 6, what is 5 + 411132?
411141
In base 16, what is -19769 + 4?
-19765
In base 16, what is -17f98 - 4?
-17f9c
In base 15, what is 8 - 16a0?
-1697
In base 4, what is -10 + -100001230?
-100001300
In base 9, what is -570644 + -5?
-570650
In base 16, what is -14 + -2055b?
-2056f
In base 6, what is -1031552 + -5?
-1032001
In base 7, what is 2 + 502300?
502302
In base 9, what is -31 + 112?
71
In base 9, what is 125 - 840?
-714
In base 15, what is 4bb + 4?
4c0
In base 9, what is 53037 - 1?
53036
In base 7, what is 1 + -1153424?
-1153423
In base 4, what is -3 - 130220?
-130223
In base 16, what is -5 - 8ba3a?
-8ba3f
In base 2, what is -11101111 - 11000100?
-110110011
In base 10, what is -198406 - -1?
-198405
In base 10, what is -1884 - 30?
-1914
In base 2, what is 1011 - 1011011001110010?
-1011011001100111
In base 7, what is 2 + -1514115?
-1514113
In base 3, what is -22200 - 21010?
-120210
In base 2, what is 1001101000010 + -1010?
1001100111000
In base 13, what is 8720 - 4?
8719
In base 16, what is 3 - -631ea?
631ed
In base 15, what is 0 - -165e?
165e
In base 12, what is a2 - 6?
98
In base 14, what is 36 - 118?
-c2
In base 4, what is -2 - 1302111?
-1302113
In base 14, what is -5 - -3d54?
3d4d
In base 8, what is 36253 - -17?
36272
In base 13, what is 6 - -236a?
2373
In base 2, what is 10010100110110 + 10110011?
10010111101001
In base 4, what is 3313 - -2011?
11330
In base 7, what is 5050 + 45?
5125
In base 16, what is 17b40 - 5?
17b3b
In base 14, what is -9 - -5da?
5d1
In base 11, what is a21 - -92?
1003
In base 3, what is 22011211111011 - 1?
22011211111010
In base 13, what is -3 - 27ac7?
-27aca
In base 9, what is 462 - 134?
327
In base 6, what is 1521120 - 3?
1521113
In base 5, what is 120 - 232?
-112
In base 15, what is -4 - d0bb?
-d0c0
In base 4, what is 31 + -31323102?
-31323011
In base 14, what is 0 - -184d?
184d
In base 9, what is -655148 + -3?
-655152
In base 4, what is 2022211 + 10232?
2033103
In base 3, what is 1000012121001 + 2?
1000012121010
In base 10, what is 1 + -590986?
-590985
In base 13, what is -1b9b3 - 4?
-1b9b7
In base 10, what is 5 + -7161?
-7156
In base 6, what is 413221 - 215?
413002
In base 9, what is 5 + -105158?
-105153
In base 12, what is 13202 + 7?
13209
In base 2, what is -10 - 11010111000?
-11010111010
In base 6, what is -155 + -43?
-242
In base 13, what is -1193b + -5?
-11943
In base 7, what is 1 + -1241?
-1240
In base 6, what is 13233513 + -5?
13233504
In base 15, what is 667 + 4?
66b
In base 6, what is -25 + 1145?
1120
In base 3, what is 1010 + -112200?
-111120
In base 4, what is 111 - 100221?
-100110
In base 2, what is 11111110 + -110010?
11001100
In base 7, what is -3 + -224536?
-224542
In base 2, what is 101 + 11010110000110000000?
11010110000110000101
In base 4, what is -1303300 + 100?
-1303200
In base 9, what is 57 - 24666?
-24608
In base 10, what is 6 - -453025?
453031
In base 16, what is 30 + b51?
b81
In base 14, what is -40 + 26c?
22c
In base 16, what is e + -64?
-56
In base 15, what is -5 + 24728?
24723
In base 14, what is -27c8 + 0?
-27c8
In base 12, what is -37 + -666?
-6a1
In base 11, what is -3547944 + 5?
-354793a
In base 3, what is 101 + 112100101?
112100202
In base 10, what is 25 + -70969?
-70944
In base 7, what is 14566 + -4?
14562
In base 7, what is -10425 - -114?
-10311
In base 14, what is 1 + 4a5c7?
4a5c8
In base 2, what is 11010001110100000 - -1?
11010001110100001
In base 15, what is 11 - 64bd?
-64ac
In base 16, what is -4e839 + 1?
-4e838
In base 8, what is -2 + 650647?
650645
In base 14, what is 436 + 45d?
895
In base 15, what is 6b786 + -2?
6b784
In base 15, what is -39a7 + 0?
-39a7
In base 11, what is -5884 - -259?
-5626
In base 10, what is -50689 - 2?
-50691
In base 2, what is 1001000 + 11111000111001?
11111010000001
In base 13, what is 874a5 + 14?
874b9
In base 3, what is -1112 - 102020112?
-102022001
In base 4, what is 230 + 1232312?
1233202
In base 8, what is -3271 - 26?
-3317
In base 2, what is -111011 - -1101000110?
1100001011
In base 14, what is -28ac + 4?
-28a8
In base 10, what is -2298 + -6?
-2304
In base 2, what is -10010110 - -1101000101?
1010101111
In base 12, what is -a + 1b226?
1b218
In base 15, what is 1eb94d + 5?
1eb953
In base 6, what is 22220 - 400?
21420
In base 2, what is 100 - -110101001100001?
110101001100101
In base 10, what is -135117 + 2?
-135115
In base 15, what is 1739 + 15?
174e
In base 12, what is -260 - -7b4?
554
In base 12, what is -14 + 1349?
1335
In base 7, what is -235142 + 5?
-235134
In base 10, what is -4 - -53281?
53277
In base 9, what is -46 + 550?
503
In base 10, what is -133 - -6758?
6625
In base 9, what is -4 - 2324044?
-2324048
In base 3, what is -121 - 2200012200?
-2200020021
In base 7, what is -2536630 - 5?
-2536635
In base 8, what is -15 - -1367?
1352
In base 16, what is -2e9 + -89?
-372
In base 8, what is 4 + -25765?
-25761
In base 8, what is 176 - 3144?
-2746
In base 6, what is 11123335 + 1?
11123340
In base 2, what is 10000001100010 - 1100?
10000001010110
In base 15, what is 5a47 + 5?
5a4c
In base 5, what is 2311044 - 34?
2311010
In base 15, what is -1392 + -5?
-1397
In base 4, what is -12302211 - -210?
-12302001
In base 12, what is 16a77 + -3?
16a74
In base 10, what is 292 + 3?
295
In base 13, what is -10a2 + -11c?
-11c1
In base 7, what is 46 + -134403?
-134324
In base 5, what is -2312 - -414?
-1343
In base 6, what is 31004 - 120?
30444
In base 7, what is 2063166 + 5?
2063204
In base 3, what is 1010112202211 - -2?
1010112202220
In base 12, what is 29 - 2a30?
-2a03
In base 9, what is 2 + 165746?
165748
In base 16, what is -44 - -1ef?
1ab
In base 5, what is -100 - -4041431?
4041331
In base 6, what is 5 + 203502?
203511
In base 6, what is -151152 + 4?
-151144
In base 13, what is 53b36 - b?
53b28
In base 15, what is 10 + -442?
-432
In base 6, what is -2204 - -2554?
350
In base 8, what is 14 + -633?
-617
In base 15, what is 340 + 75?
3b5
In base 15, what is 1 + 3ec2c?
3ec2d
In base 12, what is 7717 - a1?
7636
In base 12, what is -5 - 1b686?
-1b68b
In base 8, what is -2 - 154014?
-154016
In base 16, what is -17c - edc?
-1058
In base 14, what is -26 - ac7?
-b0d
In base 9, what is 5 + 4662?
4667
In base 12, what is 5 - -46958?
46961
In base 4, what is -20132122113 - 1?
-2013212212